*2 + 66*a - 981. Let b be y(26). What is the greatest common divisor of b and 16048?
59
Suppose 0 = -5*w + 7 + 208. Let v = 83 + w. Suppose 13*o = 11*o + v. What is the greatest common divisor of 21 and o?
21
Let i be -1*3 + (17/1 - 4). Let x be -6*2/4*9. Let t = x + 52. Calculate the highest common divisor of t and i.
5
Let g be 1 + ((-1)/(-2) - 2323/(-202)). What is the highest common divisor of 10907 and g?
13
Let p = -8463 - -8487. Calculate the highest common factor of p and 4720.
8
Suppose 0 = -3*p - 9, -5*o - 5*p + 22422 + 10623 = 0. Calculate the greatest common factor of o and 29.
29
Let c(z) = z**3 + 3*z**2 - 16*z + 7. Let x be c(-6). Let a(t) = -5*t**3 - 6*t**2 + 2*t - 17. Let q be a(x). Calculate the highest common divisor of 56 and q.
56
Suppose -4*i - 2*k = -6*k - 76, 2*k - 38 = -2*i. Let c be (7*9)/1 + 0. Suppose 13 = t - c. What is the highest common divisor of i and t?
19
Suppose 6*a = 15*a - 63. Suppose -a - 2 = -3*m. Suppose 17 = m*c + 2. Calculate the greatest common divisor of c and 40.
5
Suppose 12 = a + x - 12, 2*a = -x + 43. Let j be (-2)/(-1*(0 + 4/(-58))). Let f(n) = -12*n - 139. Let i be f(j). What is the highest common factor of i and a?
19
Let z be (-4)/(-30) - (-602)/210. Suppose -z*x = -4*n + 986, -5 + 1 = 2*x. What is the highest common factor of 35 and n?
35
Suppose 5*r + 4 - 14 = 0. Suppose 42 = -p + r*p. Let j(k) = 2*k**3 + 34*k**2 - 280*k - 71. Let z be j(-23). Calculate the greatest common divisor of z and p.
21
Let p = -58368 + 58384. Let c = -127 - -247. Calculate the greatest common factor of p and c.
8
Let w be (-4)/(-18) - 0 - 99*1066/(-3321). Calculate the greatest common factor of 1604 and w.
4
Suppose -39*v - 9*v + 32588 = -611812. What is the highest common factor of 75 and v?
75
Suppose 24*u = -42*u + 445500. Calculate the highest common divisor of u and 135.
135
Let r be (-2)/30 - (1280272/(-210))/23. What is the highest common divisor of 15 and r?
5
Suppose -z + 5*m + 16710 = 0, -4*z + 76*m = 75*m - 66745. What is the greatest common factor of 5 and z?
5
Let a(s) = -2*s**3 + 120*s - 13. Let n be a(-8). Calculate the highest common divisor of 4029 and n.
51
Let g = -917 - -3279. What is the greatest common factor of g and 2?
2
Let u = -50 + 149. Suppose u - 95 = 2*g. Calculate the highest common divisor of g and 14.
2
Suppose 2*m - b - 23058 = -3*b, 0 = -6*m - b + 69159. What is the highest common factor of m and 306?
102
Let j = 149 - 149. Let b(h) = -h**3 + 2*h**2 + 20. Let m be b(j). What is the greatest common factor of m and 20?
20
Suppose -97 - 923 = -54*o - 14*o. Suppose -4*w - 32 = -2*v, -w = 3*v - 3*w - 40. Calculate the highest common factor of v and o.
3
Suppose w = -0*w - 2*d - 5, 0 = d - 3. Let z = 47 + w. Let l(f) = -f**3 + 2*f**2 + 39*f - 16. Let j be l(7). Calculate the greatest common factor of z and j.
12
Let d(w) = -w**3 - 23*w**2 + 34*w + 57. Let t(r) = 1. Let y(j) = d(j) + 5*t(j). Let c be y(-25). What is the greatest common factor of c and 42?
42
Suppose 10*h - 39*h + 55476 = -6*h. Calculate the highest common factor of 670 and h.
134
Let f be (2*7)/((-3)/(-6)). Let d be (4 - 2670/675) + 362848/720. Calculate the greatest common factor of d and f.
28
Suppose 6*p - 3*p = 15, -4*p = -s + 36. Let l be 0 + 0 - -46 - s/(-14). Calculate the greatest common factor of l and 500.
50
Let p = -13811 + 13980. What is the highest common factor of 143 and p?
13
Let d be 4464/90 + 6/15. Let l = -675 - -1000. What is the highest common factor of d and l?
25
Let a = -7815 - -8011. Calculate the greatest common factor of 26 and a.
2
Let y(w) = -w**2 + 43*w - 46. Let j be y(43). Suppose 56 = -4*o - 8. Let p = o - j. Calculate the greatest common factor of 6 and p.
6
Let t be ((-32)/(-12) - 2)*-12. Let x be t/(1 + 206/(-210)). Let v be (x/(-25))/((-6)/(-45)). What is the highest common divisor of 14 and v?
14
Suppose -63*k = 4*q - 65*k - 39678, -q = -4*k - 9916. Calculate the highest common factor of q and 160.
160
Suppose 5*q - 7*q - c = -11, 3*q = -3*c + 9. Suppose -114 = -4*g + 14. Calculate the greatest common factor of g and q.
8
Suppose -89*n - 7154 = 52*n - 55658. What is the highest common factor of n and 2193?
43
Let s(r) = -40*r**2 - 687*r + 6. Let w be s(-17). Let a = -87 - -137. Calculate the highest common divisor of w and a.
25
Let a = -39 + 43. Suppose -g + p = -p - 214, 404 = 2*g + a*p. Let q = -9 - -35. Calculate the highest common divisor of q and g.
26
Suppose 66*o - 27711 + 14857 = 55060. Calculate the greatest common factor of 15 and o.
3
Let h(d) = -3*d**3 + d**2 + 8*d - 31. Let i(b) = -b**2 + b - 2. Let z(n) = -h(n) + 4*i(n). Let j be z(4). What is the highest common factor of 68 and j?
17
Let n(v) = -426*v - 648. Let z be n(-4). What is the highest common divisor of 99 and z?
33
Suppose -2 = -3*w + 208. Suppose -6*f - w = -8*f. Suppose -253 + 5 = -z - a, 0 = -z + 3*a + 236. Calculate the highest common divisor of f and z.
35
Suppose -20*u = -15*u + 35, -3*u = 4*y - 119. Calculate the highest common factor of y and 21875.
35
Suppose 33*l - 38*l = -10. Let k(y) = 11*y + 0*y + l - 14*y. Let i be k(-1). What is the highest common divisor of 10 and i?
5
Suppose 5*c - 39 = -24, 2*i - 3*c = 10007. What is the greatest common divisor of 32 and i?
16
Let y be -7 - ((-356)/(-7))/(72/(-252)). Calculate the highest common divisor of 133 and y.
19
Let i(u) be the second derivative of 1/2*u**3 + 1/6*u**4 + 0 + 1/2*u**2 + 12*u. Let r be i(-3). What is the highest common factor of 5 and r?
5
Suppose 2*c - 208 = -2*c. Let p be 110*(-16)/100*((-19305)/(-22))/(-27). What is the highest common factor of p and c?
52
Let s(m) = -6*m + 230. Let v be s(-1). Calculate the highest common divisor of 5782 and v.
118
Suppose 0 = 48*l + 7*l - 2750. What is the highest common factor of 2950 and l?
50
Let l(y) = 10*y - 233. Let p be l(35). What is the highest common factor of 13 and p?
13
Let r(x) = x**3 - 77*x**2 + x + 1059. Let k be r(77). What is the highest common factor of k and 128?
16
Suppose -8*b + 26 = -54. Suppose -5*m = -b*m + 55. Suppose 0 = i + m - 20. Calculate the greatest common divisor of 63 and i.
9
Suppose -229 = -40*z - 29. Suppose -z*o = -4*b - 520, -4*o + 425 = b - 6*b. Let x be 19 + (2/2)/1. What is the highest common factor of o and x?
20
Let j be (0 - -1)/((-1)/(-5)). Suppose 45*f - 29 + 69 - 265 = 0. Calculate the greatest common factor of j and f.
5
Let i(s) = -s**2 - 2*s + 18. Let k be i(-5). Let w be k/(-1) + 1 + -1 + 18. What is the highest common divisor of 435 and w?
15
Let r be (-14)/(3150/(-87093)) - (-6)/(-75). Calculate the highest common divisor of 36 and r.
9
Let r be 233/(-3) - (-2)/(-6). Let g = -51 - r. Suppose 1093 = 72*l + 81*l - 1748 - 8175. Calculate the highest common divisor of l and g.
9
Suppose 0 = 3*d - 8*d + 330. Let z be 125 + -4 - (3 - 14). What is the highest common factor of d and z?
66
Let p = 67 + -40. Let i = -160 - -217. Let u = i + -30. Calculate the greatest common factor of p and u.
27
Suppose 2*j + 18 = 5*x, 4*j - 12 = -94*x + 96*x. Let d(s) = -s + 10. Let w be d(9). Let f be 21*(3/(-21) + w). What is the highest common divisor of x and f?
6
Let u be 60*(15/6 - 2). Suppose 113*z - 110*z - 15 = 0. Suppose z*t - 3*h = 669, 0*h = t + h - 137. Calculate the highest common factor of t and u.
15
Let x(t) = -12*t**3 - 4*t**2 - 3*t - 2. Let s be x(-2). Let h = 661177 + -660988. Calculate the greatest common divisor of s and h.
21
Let j(n) = -n + 2472. Let b be j(-61). What is the greatest common factor of b and 68?
17
Suppose 0 = 4*g - 16, -50*s - 3*g = -55*s + 3648. Calculate the greatest common factor of 2379 and s.
183
Let h(r) = 41*r - 943. Let m be h(26). What is the highest common factor of m and 3?
3
Suppose 6*a = 23*a - 187. Suppose 937 - 387 = 2*d. What is the highest common divisor of a and d?
11
Let j(v) = 200*v + 1008. Let m be j(-5). Calculate the highest common divisor of m and 6472.
8
Suppose -8 = -4*t + 4*f, -2*t + 17 = 2*f + 5. Let l = -5 + 10. Let j be (l*12/80)/(1/t). Calculate the greatest common factor of j and 3.
3
Suppose 0 = 9*y + 261 - 1053. What is the greatest common factor of y and 1276?
44
Suppose x = 2*u + 775, -4*x + 195 = 4*u - 2953. Suppose -3*d + 4*d + 2*i - 23 = 0, -5*i = 5*d - 125. What is the highest common